1451154.
2, 7, 17, 23, 31321
List the prime factors of 4115089962.
2, 3, 4967, 46027
List the prime factors of 1332123119.
947, 1406677
What are the prime factors of 110160200?
2, 5, 550801
What are the prime factors of 5845906799?
39521, 147919
What are the prime factors of 76637654?
2, 1753, 21859
List the prime factors of 1514371468.
2, 378592867
What are the prime factors of 186093773?
67, 409, 6791
What are the prime factors of 29394555?
3, 5, 1959637
What are the prime factors of 119401285?
5, 17, 1404721
What are the prime factors of 122013451?
7, 17430493
List the prime factors of 2417966022.
2, 3, 402994337
What are the prime factors of 801551349?
3, 2857, 10391
List the prime factors of 20444883.
3, 6814961
What are the prime factors of 39663016?
2, 283, 17519
What are the prime factors of 1992690370?
2, 5, 11, 18115367
List the prime factors of 7088750866.
2, 3544375433
What are the prime factors of 29889194?
2, 14944597
What are the prime factors of 41976874?
2, 20988437
What are the prime factors of 1057370271?
3, 10477, 33641
What are the prime factors of 6356122?
2, 3178061
List the prime factors of 114268008.
2, 3, 139, 34253
List the prime factors of 253813606.
2, 43, 101, 29221
List the prime factors of 89704597.
17, 41, 179, 719
List the prime factors of 27375554.
2, 79, 173263
What are the prime factors of 36845037?
3, 61, 7457
List the prime factors of 605211957.
3, 7, 9606539
List the prime factors of 315041436.
2, 3, 8751151
List the prime factors of 5247425678.
2, 11, 149, 433, 3697
What are the prime factors of 55966248?
2, 3, 13, 19, 1049
What are the prime factors of 42175604?
2, 43, 73, 3359
List the prime factors of 186402068.
2, 5413, 8609
List the prime factors of 118136.
2, 14767
What are the prime factors of 36460892?
2, 13, 107, 6553
What are the prime factors of 29118775?
5, 7, 166393
List the prime factors of 2114540308.
2, 17, 43, 723167
List the prime factors of 262823965.
5, 52564793
List the prime factors of 2918726114.
2, 1459363057
What are the prime factors of 5789289944?
2, 367, 1971829
What are the prime factors of 171263191?
11, 41, 433, 877
What are the prime factors of 20350444?
2, 19, 37, 7237
What are the prime factors of 620817319?
3847, 161377
List the prime factors of 34171576.
2, 19, 224813
What are the prime factors of 280782315?
3, 5, 11, 17189
What are the prime factors of 271588455?
3, 5, 6035299
What are the prime factors of 996146908?
2, 249036727
What are the prime factors of 835757170?
2, 5, 89, 223, 4211
What are the prime factors of 57194468?
2, 23, 621679
What are the prime factors of 28038130?
2, 5, 2803813
What are the prime factors of 1573065750?
2, 3, 5, 2097421
What are the prime factors of 304429037?
11, 29, 954323
List the prime factors of 73704199.
163, 211, 2143
List the prime factors of 1723424233.
457, 3771169
What are the prime factors of 40547632?
2, 59, 42953
What are the prime factors of 20855575?
5, 13, 64171
List the prime factors of 48725635.
5, 7, 349, 3989
What are the prime factors of 44459820?
2, 3, 5, 281, 293
List the prime factors of 47493327.
3, 7, 2261587
List the prime factors of 905902049.
13, 127, 193, 2843
What are the prime factors of 1520434001?
157, 9684293
What are the prime factors of 89779800?
2, 3, 5, 11, 61, 223
What are the prime factors of 1363260676?
2, 340815169
What are the prime factors of 15954617?
7, 23, 41, 2417
List the prime factors of 142294866.
2, 3, 7, 691, 4903
What are the prime factors of 1014624307?
163, 6224689
List the prime factors of 51864711.
3, 383, 45139
What are the prime factors of 817255241?
11, 74295931
List the prime factors of 754288219.
754288219
List the prime factors of 41335406.
2, 7, 313, 9433
What are the prime factors of 1459095215?
5, 19, 808363
List the prime factors of 46789547.
7, 43, 359, 433
List the prime factors of 58763674.
2, 89, 330133
What are the prime factors of 11238562?
2, 5619281
What are the prime factors of 209727228?
2, 3, 2663, 6563
List the prime factors of 274202681.
89, 1511, 2039
What are the prime factors of 27866426?
2, 7, 19, 104761
List the prime factors of 46785157.
839, 55763
List the prime factors of 93585090.
2, 3, 5, 131, 23813
List the prime factors of 343265062.
2, 7, 24518933
List the prime factors of 2422131627.
3, 17, 283, 593
What are the prime factors of 346568068?
2, 7, 11, 1125221
List the prime factors of 779268010.
2, 5, 53, 443, 3319
What are the prime factors of 404344059?
3, 7, 19254479
List the prime factors of 8640827.
13, 664679
List the prime factors of 351800204.
2, 7, 607, 2957
List the prime factors of 1954909742.
2, 89, 101, 108739
List the prime factors of 51514876.
2, 7, 433, 607
List the prime factors of 2003949455.
5, 59, 6793049
What are the prime factors of 1551142411?
7, 13, 1543, 11047
What are the prime factors of 93576036?
2, 3, 1129, 6907
List the prime factors of 3337248515.
5, 29, 233, 98779
What are the prime factors of 433179629?
433179629
List the prime factors of 702326359.
7, 31, 462361
List the prime factors of 98724344.
2, 12340543
What are the prime factors of 1384387028?
2, 307, 1127351
What are the prime factors of 1526473029?
3, 29, 605023
What are the prime factors of 231657127?
13, 23, 774773
What are the prime factors of 114813415?
5, 1307, 17569
What are the prime factors of 41164498?
2, 37, 167, 3331
What are the prime factors of 442995488?
2, 13, 19, 41, 1367
List the prime factors of 6801611323.
13, 523200871
What are the prime factors of 165575237?
163, 443, 2293
List the prime factors of 182409002.
2, 59, 1545839
List the prime factors of 248565624.
2, 3, 10356901
What are the prime factors of 49993622?
2, 7, 29, 359
List the prime factors of 72673207.
31, 2344297
What are the prime factors of 131330868?
2, 3, 179, 61141
List the prime factors of 414304202.
2, 13, 15934777
List the prime factors of 432684886.
2, 179, 269, 4493
What are the prime factors of 383301991?
19, 313, 64453
List the prime factors of 702729578.
2, 17, 20668517
List the prime factors of 872166401.
872166401
List the prime factors of 1415378633.
47, 30114439
List the prime factors of 75487878.
2, 3, 419, 10009
What are the prime factors of 342503237?
342503237
List the prime factors of 1672082136.
2, 3, 7741121
What are the prime factors of 3782795475?
3, 5, 50437273
What are the prime factors of 191349374?
2, 23, 4159769
What are the prime factors of 47524400?
2, 5, 7, 11, 1543
List the prime factors of 42101806.
2, 89, 236527
What are the prime factors of 236213308?
2, 71, 283, 2939
What are the prime factors of 187253306?
2, 8867, 10559
What are the prime factors of 3388342335?
3, 5, 7, 17, 599, 3169
List the prime factors of 437161792.
2, 337, 20269
List the prime factors of 923633306.
2, 163, 2833231
What are the prime factors of 12291029?
12291029
What are the prime factors of 393210378?
2, 3, 11, 1129, 1759
What are the prime factors of 131871692?
2, 32967923
List the prime factors of 1471934439.
3, 137, 1193783
What are the prime factors of 88710184?
2, 73, 151901
List the prime factors of 323077102.
2, 19, 31, 274259
What are the prime factors of 514326882?
2, 3, 607, 141221
What are the prime factors of 668073454?
2, 79, 4228313
What are the prime factors of 790358069?
137, 5769037
What are the prime factors of 746493730?
2, 5, 89, 838757
What are the prime factors of 132686934?
2, 3, 67, 330067
What are the prime factors of 217037374?
2, 3457, 31391
List the prime factors of 46689.
3, 79, 197
List the prime factors of 392073916.
2, 13, 23, 151, 167
What are the prime factors of 2928862092?
2, 3, 13, 18774757
What are the prime factors of 1279168940?
2, 5, 7, 9136921
What are the prime factors of 4263894895?
5, 13, 59, 107, 10391
List the prime factors of 571798756.
2, 131, 1091219
What are the prime factors of 55978271?
83, 251, 2687
List the prime factors of 3387973249.
3387973249
What are the prime factors of 1563856676?
2, 390964169
List the prime factors of 2350331421.
3, 783443807
What are the prime factors of 315592216?
2, 17, 47, 97, 509
List the prime factors of 110173099.
110173099
What are the prime factors of 39360963?
3, 13120321
List the prime factors of 52855608.
2, 3, 13, 169409
What are the prime factors of 419266